uppose 4*p - 49 = 3*p - 2*z, 0 = p - 4*z - 67. Suppose -u - 3 = 5*k - 76, 0 = u - k - p. Is u a composite number?
True
Let p be (-320)/55 - (-2)/(-11). Let s(k) = -3*k + 2. Let c be s(p). Is c/(-6)*66/(-4) a composite number?
True
Suppose -3*z + 28380 = -3*c, 254 - 38101 = -4*z - 3*c. Is z a prime number?
True
Let i = -13 + 18. Suppose -n + i*n + 4505 = 5*x, -2*x = -n - 1805. Is x a prime number?
False
Suppose 5*u - 7*u + 4*l = -2246, 0 = -3*l - 3. Is u prime?
False
Is (-3117 - 0)/(-7 + 4) a composite number?
False
Suppose 3*n - c - 11045 = 0, -8257 = -2*n + 2*c - 891. Suppose 0 = -2*m + 5*m - n. Suppose -o + 1640 = 3*o + 3*a, 3*o = -3*a + m. Is o a prime number?
False
Suppose 0 = -50*n + 260193 + 1469057. Is n a prime number?
False
Is (148 - (-1 + 5)) + 5 a composite number?
False
Suppose 4*u - 97 = -17. Let j = u + -15. Suppose j*p = -0*p + 705. Is p composite?
True
Let v be 0/(7 + (-2 - 2)). Suppose v = -5*p + 10 + 10. Suppose p*z - 5297 = -5*u, 1053 = u + 3*z + z. Is u a composite number?
False
Let u be (17/4)/(5/20). Let h = 29 - u. Let o(g) = 10*g + 7. Is o(h) a prime number?
True
Suppose -10*n + 11*n = 933. Is n a composite number?
True
Suppose 5*h = -5*n + 451 + 174, 5*n - 5*h = 605. Suppose -t = -n - 62. Is t composite?
True
Suppose 2 = -0*b - b. Let x be b + 4 - (-11 - -10). Suppose h = 2*t - 1483, 3*t - x*h - 2232 = -4*h. Is t a composite number?
False
Suppose -5*s - t + 79 = 0, 8*t - 3*t = -3*s + 43. Is ((-2152)/s)/((-2)/4) a composite number?
False
Let c = -896 + 369. Let d = 9864 - c. Is d composite?
False
Let h = 33 - 32. Let l(v) = 189*v - 4. Is l(h) composite?
True
Let b(w) = -52*w + 27. Let q(p) = 50*p - 26. Let i(a) = -3*b(a) - 2*q(a). Is i(6) composite?
False
Suppose 0 = 4*x - 4*m - m - 10, 0 = -2*x + 2*m + 4. Suppose x = -d + 1 + 7. Let k(j) = j**2 + 3*j + 1. Is k(d) a prime number?
True
Let y = -21 + 27. Is y + 160 + 2 + 1 a composite number?
True
Suppose -4*f - 264 - 240 = 0. Let j = -47 - f. Is j prime?
True
Suppose 2*z - 184806 = -g, 3*z + 7*z = -2*g + 924042. Is z composite?
True
Let q be 2 + 0 + 11/(11/1104). Suppose -y + 235 = -3*l - l, 0 = -5*y - 3*l + q. Is y composite?
False
Suppose -13*a + 30149 = -24. Is a a prime number?
False
Suppose 0 = 489*t - 507*t + 379062. Is t a prime number?
True
Suppose -15 = -3*r, n + 0*n - 3*r + 16 = 0. Is 0 + (845 - n) - 5 a prime number?
False
Suppose 4 = -4*h, 3*q - 2*q = -2*h. Suppose -3*i + 5*a - 626 = -6*i, 10 = -q*a. Is i composite?
True
Suppose 2*g - 1721 = g - 3*k, -5*k - 8605 = -5*g. Is g a prime number?
True
Let s(k) = 1673 - k**2 + k**3 - k**3 - 2*k - 3*k**3 + 4*k**3. Is s(0) prime?
False
Let u(x) be the first derivative of -x**2/2 - 6*x + 6. Let l be u(-7). Is -3 - (0 + -71 + l) a prime number?
True
Let u = 241945 - 70028. Is u a composite number?
False
Suppose -4*n + 4*z = 0, z + 0 + 12 = 5*n. Suppose 2*v - 1159 = 5*p, 0*v - 1151 = -2*v - n*p. Suppose 0 = 2*b - b - v. Is b prime?
True
Suppose -28*q - 1040003 = -47*q. Is q a composite number?
True
Let v = 1099 + -632. Suppose -27 = -2*o + v. Is o a prime number?
False
Suppose h - 181 = 356. Suppose -2*t = 4*d - 5*d + h, 5*d - 2685 = -5*t. Is d a composite number?
True
Suppose -18*j + 34*j = 403232. Is j a composite number?
True
Let l = -60 + 62. Suppose 1 = -r + 2. Is 1055 + 4*r/l a prime number?
False
Let k = 61 - 121. Let s = k + 155. Is s a prime number?
False
Suppose 93193 - 10459 = 6*m. Is m a composite number?
False
Let y(x) = -13*x - 3*x**2 - 9 + x**2 - 5 + 3*x**2. Let j be y(14). Suppose -2*f + 307 - 29 = j. Is f prime?
True
Let i be 3 + (-2)/(-6)*-3. Is (-15060)/(-8) + i/4 composite?
True
Let b(i) be the second derivative of 7*i**3/2 - 4*i**2 - 24*i. Is b(19) composite?
True
Let c = 5908 - 2945. Is c prime?
True
Let h(j) = -1789*j + 15. Is h(-2) composite?
False
Let u(o) = -2*o - 3. Let y be u(-2). Let i(a) = a**3 + 70 - 2*a + 4*a - y + a**2. Is i(0) composite?
True
Suppose -2*j = -3*t - 33286, -3*j + 42095 + 7856 = t. Is j composite?
False
Let p = 734 + 313. Let i = -560 + p. Is i a composite number?
False
Suppose -4460 = -12*v + 2*v. Is v a prime number?
False
Suppose -4*v + 5 - 1 = 0. Suppose -v + 7 = m + d, -4*m = d - 15. Suppose 8207 = 2*f + 2*f + m*a, 0 = -5*f - 4*a + 10259. Is f prime?
False
Suppose 5*p + 41 = 16, 17 = -4*u - 5*p. Suppose 180 = u*x - 110. Suppose -n + x = -0*n. Is n a prime number?
False
Let h = 1 - 1. Suppose -b + 114 - 17 = h. Is b a prime number?
True
Is (139544/(-48))/(4/(-24)) prime?
True
Let h(q) = 1586*q - 5. Let i be h(3). Suppose -200 = -3*r + i. Is r prime?
False
Is 44 + (7 - (-6 - -4)) composite?
False
Let u(v) = -6*v + 17. Let l be u(3). Is 2794*-1*l/2 a composite number?
True
Suppose 0*b - 2*b + 3*m - 6 = 0, -4*b - 2*m = -20. Suppose n - 10 = -3*x, b*x - n = x + 5. Let h(d) = 29*d - 4. Is h(x) prime?
True
Let h = -19872 + 31207. Is h a composite number?
True
Suppose 3*p + 0*p = 909. Let i = p - -279. Suppose 0*j - i = -3*j. Is j prime?
False
Let v(b) = -3*b**2 + 16*b - 5. Let g be v(4). Let w(a) = 48*a + 35. Is w(g) a composite number?
False
Let d = -40510 - -59297. Is d composite?
False
Let q be (-1)/(-4) + 595/20. Let b = -117 + 114. Is (q/(-9))/(1/b) composite?
True
Suppose 0*n = n - 1, -2 = -f + 4*n. Is 2*41*9/f a composite number?
True
Suppose 0 = 2*j + w + 45, 5*w = j - 2*j - 36. Let d = j + 220. Is d a prime number?
True
Let i(a) = 14*a**2 - 116*a - 73. Is i(-36) composite?
False
Let q = 39 - 42. Is 470 - (q - (2 + -4)) a composite number?
True
Let g(z) = 10038*z**3 + 12*z**2 - 14*z + 3. Is g(1) prime?
True
Let u(x) = -5 - 3*x + 2 + 2*x - 12*x**3 - 2*x**2 + 5. Let i be u(2). Let r = i - -411. Is r a composite number?
False
Let x be (-8)/12*(-18)/4. Suppose -x*v = -0*v. Suppose v = 5*m + 405 - 1330. Is m composite?
True
Suppose -f = -3*b + 5, -b + 0*b + 15 = -3*f. Suppose -m = -b*m - 5. Suppose -2*c + 462 - 27 = 5*d, m*d - 4*c = 465. Is d a prime number?
True
Let l = -10764 - -21853. Is l a composite number?
True
Let a be 2 + 1 + 2 + -3. Suppose 2*o = 6, 2*m + a*o = -3*m + 16. Suppose -2*p + 5 = -p, -4*p = -m*u + 186. Is u composite?
False
Suppose -5*v = 4*w - 13, -9 = -v + 2*w + 2. Suppose 10 = 7*m - v*m. Suppose 474 = 3*i - 3*l, -3*l - 2*l + m = 0. Is i composite?
True
Let h = -11 + 19. Suppose h*b = 6*b + 1030. Is b a prime number?
False
Let q(t) = t**3 + 8*t**2 + 5*t - 8. Let u be q(-7). Let m(o) = 211*o - 7. Is m(u) a prime number?
True
Let b(y) = 2*y**3 - 22*y**2 + 40*y + 29. Is b(17) composite?
False
Suppose -18*w + 23*w = 4505. Is w a prime number?
False
Let y = 12 + -9. Suppose 0 = y*r - 2*r - 4*f - 8, 0 = -5*r - 3*f + 17. Is (-3)/(-1 + r)*-59 a prime number?
True
Suppose -p + 8 = -0*p. Suppose -p*h + 710 = -3*h. Suppose 4*s - 621 = -3*d, 3*s - h - 325 = -2*d. Is s a prime number?
False
Suppose -5*y - 2*a + 0*a + 15 = 0, y + a = 3. Let g be (-19926)/(-42) - y/7. Suppose g = 2*z - i - 768, 3127 = 5*z + 3*i. Is z composite?
True
Suppose 0 = -2*k - 3*k. Let r be 2 - 2 - (k - -8). Is r/(-12)*1*15 composite?
True
Let h be 0 - -1 - (-3 - -5). Let z(v) be the second derivative of -8*v**3 - v**2/2 + 7*v. Is z(h) a composite number?
False
Let i = 2 + 0. Suppose -i*d - 1589 = -3*d + 3*k, -2*d = -k - 3178. Is d prime?
False
Let o be -1 + 8 + -3 - -3. Suppose 2*w + 55 = o*w. Suppose 0 = 5*d + 15, -2*d + w = 5*f - 148. Is f a composite number?
True
Suppose -4*s + 130 = -9*s. Let k = -29 - s. Is 1/((-1588)/530 - k) composite?
True
Let j(b) = -b**2 + 10*b + 7. Let f be j(8). Suppose f = -4*t + s, 11 = 4*s - 1. Let c(r) = r**2 - r + 7. Is c(t) prime?
True
Let k(t) = 255*t**2 - 3*t + 9. Let x be k(4). Suppose h + 1468 - x = 0. Is h composite?
False
Suppose 16*i - 27040 = 34768. Is i a composite number?
False
Suppose -2*m + 4*j + 102316 = 2*m, 6*m = j + 153489. Is m a composite number?
True
Suppose 2*m - 6 - 32 = 0. Let g(a) = 10*a**2 - 20*a + 17. Is g(m) a composite number?
True
Let p(s) = 3*s**2 + s. Let q be p(-1). Let x = 154 - 69. Suppose q*c - 83 = 2*o + x, 0 = -c - o + 94. Is c a composite number?
False
Let t = 173185 + -117942. Is t prime?
True
Let y = 22 - 19. Let f be 4*y/6 + 0. Suppose 4*s + 10 = f, -4*u - 2*s = -264. Is u composite?
False
Suppose -4*o - 5*f - 56391 = -7*o, -o + 18797 = -3*f. Is o a prime number?
True
Suppose 68*f = 64*f + 1392. Let h = 505 - f.